 (16 + -6))*1. Let n(o) = 35*o**3 - 1. What is n(j)?
-36
Let c(j) be the third derivative of -j**4/24 - j**3/3 - 2*j**2. Let y(a) = a**2 - 17*a + 10. Let u be y(9). Let p be 155/u*(-2)/(-3)*3. Calculate c(p).
3
Let m(j) = -j**3 - 11*j**2 + 11*j - 7. Let r be m(-12). Suppose -r = 5*b - 0. Let u(n) = 16*n - 1. Let l(c) = 16*c - 2. Let s(f) = 2*l(f) - 3*u(f). Give s(b).
15
Let l be ((-6)/(-18))/(1/(-15)). Let q(k) = -2*k**2 - 5 + 9 + 3*k**2 + 0*k + 3*k - 9. Calculate q(l).
5
Let r(f) = f**3 - 7*f**2 + 6*f + 5. Let c be (12 - 11)/((-2)/(-6)). Suppose c*n - 2 = 13. What is r(n)?
-15
Let p(q) be the second derivative of -q**5/20 - 2*q**4/3 + 3*q**3/2 - 80*q. Calculate p(-9).
0
Let i(c) = -10*c + 14. Let n be i(1). Let o(x) = x**3 - 4*x**2 - 8*x + 5. Determine o(n).
-27
Let l(y) = -6*y**2 + 5*y - 7. Let z(m) = 5*m**2 - 4*m + 6. Suppose 0 = g + 56 - 61. Let r(w) = g*z(w) + 4*l(w). Determine r(2).
6
Let a(w) be the third derivative of w**8/6720 - w**6/720 + w**5/15 - 5*w**4/24 + 11*w**2. Let u(n) be the second derivative of a(n). Determine u(0).
8
Let z(o) be the first derivative of -4*o**3 - 3. Let p be (-6)/(-5) + (-21)/105. What is z(p)?
-12
Let t(d) = 2*d + 4. Let x(a) = a - 11. Let v be (-6)/4 - 59/(-2). Let b = v + -20. Let l be x(b). Give t(l).
-2
Let l(u) be the first derivative of -u**2/2 + 7*u - 111. Determine l(7).
0
Let r(t) = -2*t + 28. Let u(k) = 30*k - 498. Let a be u(17). Determine r(a).
4
Let d(a) = -6*a**2 - 3*a - 22*a**2 + 25*a**2. Determine d(-3).
-18
Let f(x) = -x**3 + 4*x**2 - 2*x - 1. Suppose 3*s + l - 3*l = 13, 0 = 3*s - 5*l - 10. Suppose 0 = 2*d + 1 - s. Calculate f(d).
3
Let l = -5 - -1. Let x(t) = 10 - t + 2*t + 2*t - 5. Give x(l).
-7
Let i(x) = -2*x**2 - 2*x - 2. Let f(a) = 23*a + 21. Let d be f(-1). What is i(d)?
-6
Let o(n) = -n**2 - 4*n - 2. Let k be 208/(-9) - 26/(-234). Let u be 1/(-3) + 106/(-6). Let f = k - u. Determine o(f).
-7
Let c(j) = 2*j + 2*j - 4*j**2 + 2*j**2 + 3*j**3 - 4 - 4*j**3. Suppose 0 = -5*b - 41 + 21. Calculate c(b).
12
Let t(k) = k + 4. Let g = 36 + 30. Let q = g - 73. Give t(q).
-3
Let f(b) be the first derivative of 5*b + 13 + 1/2*b**2. Give f(-8).
-3
Let f(z) = z**2 - 5*z - 1. Let h be f(4). Let s(n) = 8*n - 10. Let u(b) = 3*b - 3. Let x(q) = 4*s(q) - 11*u(q). Give x(h).
-2
Suppose -4*h + 5 = 2*q - 5*h, -20 = -5*q - 5*h. Let c(j) = 2 + 5*j + q*j**2 - 2*j - j**2 - j**2. What is c(-4)?
6
Let m(k) = k**3 - 5*k**2 - 2*k + 5. Suppose -5*j + 40 = -5*y, 7*y + j = 2*y - 34. Let q = -1 - y. Let l = q + -1. Determine m(l).
-5
Suppose 3*n + 2*n = 20. Let t(m) = 44 - 21 - 61*m**2 - 24 + 2*m + 65*m**2 - m**3. Determine t(n).
7
Let o(s) = 4*s - 36. Let w(p) = p - 9. Let z(c) = -2*o(c) + 9*w(c). Let k(j) = -j**2 + 12*j + 6. Let d be k(13). What is z(d)?
-16
Let n(o) be the third derivative of o**6/720 - o**5/15 - 5*o**4/3 + 4*o**2 - 2*o. Let r(z) be the second derivative of n(z). Determine r(8).
0
Let t(y) = 0*y + 6*y + 3*y + 4. Let q(c) = -c**3 + 21*c**2 + 44*c + 43. Let v be q(23). What is t(v)?
-23
Let l(h) = -10*h - 3. Let f be 5/(4 - 19)*(-26 - -5). Calculate l(f).
-73
Let t(q) = 2*q**3 - 2*q**2 + q - 1. Let w(p) = p**3 - 4*p**2 - 10*p - 10. Let b(o) = -2*o + 24. Let s be b(9). Let u be w(s). Calculate t(u).
9
Let s(q) = -q**2 - q - 1. Let y(b) = 4*b**2 + 2*b + 3. Let m(f) = 6*s(f) + y(f). Suppose 3*x = 27 + 9. Let v = x + -14. What is m(v)?
-3
Let l(z) = -z**3 - 3*z**2 - z - 1. Let x = -136 - -140. Let n(s) = s**3 - 6*s**2 - s + 7. Let c be n(6). Suppose -c = -a - x. What is l(a)?
2
Let r(t) = 17*t + 8. Let g(k) = 25*k + 12. Let v(q) = 5*g(q) - 7*r(q). What is v(-2)?
-8
Let c(f) = f - 3. Let m be c(6). Let r(a) = 133*a**3 - a**2 - a - 68*a**3 - 1 - 61*a**m. Give r(-1).
-5
Let i(r) = r**3 + r**2 - 10. Suppose -u - 23 = -2. Let d = -15 - u. Let j be 0*(4/d)/2. Calculate i(j).
-10
Let v(g) = -2*g + 1. Let j = -1604 + 1609. Calculate v(j).
-9
Suppose 0 = -4*k + 2*t + 2*t, 3*t = 2*k - 5. Let j(l) be the first derivative of l**4/4 + 5*l**3/3 - 2*l**2 - 4*l - 27. Determine j(k).
16
Let g = 8 - 14. Let v be -3 + 5 + g + 4. Let h(d) = 3*d**2 - 2*d**2 - 2*d**2 - d - 3. Determine h(v).
-3
Let o(y) = -9*y + 36. Let u = -98 - -102. Calculate o(u).
0
Suppose -5*n + 4*c = 28, -3*c + 22 = -42*n + 38*n. Let j(r) = -2*r**2 - 3*r + 2. Calculate j(n).
-18
Let p(c) be the second derivative of -2*c**3/3 - 11*c - 5. Suppose 0 = 5*y + 3*a + 5, 3*y + a = -y - 4. Give p(y).
4
Let k(q) = 0 + 4*q**2 - 1 - q**3 - 2 - 1. Suppose -2*o + 0 = -6. What is k(o)?
5
Let v(a) = -a**2 + 9*a - 10. Let i(x) = 2*x**2 - 19*x + 21. Let u(c) = -4*i(c) - 9*v(c). Determine u(7).
20
Let k be (-7)/(-2) + 4/8. Suppose -2*y = 2*g - 4, y + 2*g = 4 - 0. Let a(r) = y - r + 2 - r + 3*r. What is a(k)?
6
Let k(z) = 2*z + 8. Let h be (8/(-32))/((-9)/252). Give k(h).
22
Let c(t) = -6*t - 6. Suppose 4*m - 2 = -5*r + 13, m - 4*r = 9. What is c(m)?
-36
Let x(a) = 1134 + 1137 - a - 2274. Let f = 1 + -6. Give x(f).
2
Let s(l) = 9*l - 13. Let h(k) = 9*k - 5. Let x(b) = -2*h(b) + 3*s(b). Give x(3).
-2
Let x(k) be the second derivative of k**3/2 + 5*k**2/2 + 32*k. Determine x(6).
23
Let u(w) = 2*w + 1. Let p(s) = 6*s + 4. Let i(m) = -2*p(m) + 7*u(m). Let n = 36 + -24. Let f = 11 - n. Give i(f).
-3
Suppose -6*t = -18 - 0. Let s(z) = 3563*z - 3563*z - t*z**2 + 1. What is s(-1)?
-2
Let v(n) = -n + 12. Let r be v(11). Let y(o) = -1 - 2*o + 0*o + 4 - r. Let s = 61 + -58. What is y(s)?
-4
Suppose -4*w + 2*k = -3*w - 8, 4*k + 8 = 0. Suppose -w*t + 14 = -6. Let m(u) = u - 6. What is m(t)?
-1
Let j = -21 + 27. Let p(n) be the third derivative of n**6/120 - 7*n**5/60 + 5*n**4/24 - n**3/6 - 4*n**2 + 14. Give p(j).
-7
Let r(c) = c**3 + c**2 + 4. Let w be r(0). Let v be (0 + -1)/(w/24). Let f(n) = 2*n + 3. Determine f(v).
-9
Let p(c) = 5*c - 2. Let s be (-7*(-9)/252)/(1/4). What is p(s)?
3
Let p(g) = 5*g**2 - 4*g + 7. Let u(c) = 9*c**2 - 7*c + 13. Let y(m) = -5*p(m) + 3*u(m). Let o be y(2). Let r(t) = t**3 - 9*t**2 - 9*t - 6. What is r(o)?
4
Let c(v) = -v**3 - 5*v**2 - 5*v - 3. Suppose -3*f = -f - 30. Let a = f + -3. Suppose 12 = -a*j + 9*j. Determine c(j).
1
Suppose -272*q + 8 = -264*q. Let o(t) = -16*t**2 + t - 2. What is o(q)?
-17
Suppose -2*f - 14 = -9*f. Let b(n) = -7 + 10 - f + 2*n - 3*n. What is b(3)?
-2
Let j(t) be the first derivative of -t**2/2 + 2*t - 68. What is j(7)?
-5
Suppose -5*z + 3*t = -0*t + 15, 0 = 5*z + 5*t - 25. Let c(q) = z*q**2 - q**3 - 41*q + 49*q + 6*q**2 + 4. What is c(7)?
11
Let p = 11 + -23. Let y be 2/(-12) + (-146)/p. Suppose -2*l = -u - y - 1, -2*l = 5*u + 29. Let h(o) = o + 1. What is h(u)?
-6
Let s(j) = 621 - j**2 - 622 + 0*j**2 + 7*j. What is s(5)?
9
Let l(q) = q - 7. Let s = 55 + -55. Suppose s = -3*n + 4*c - 20, 0*n - 5*n = -5*c + 25. Give l(n).
-7
Let a(z) be the third derivative of -z**5/30 - z**4/12 + 8*z**3/3 + 9*z**2. Let y(f) be the first derivative of a(f). Calculate y(-3).
10
Let r(c) = c**2 + c - 2. Let o be r(2). Suppose -10*w - 8 = -14*w. Let u(h) = 5*h - h**3 + 0*h**3 - 2*h + 1 + 4*h**w. Give u(o).
13
Let d(q) = -2*q**2 - q - 1. Let g(s) = -2*s - 36. Let c be g(-17). Give d(c).
-7
Let v(g) = -g**2 - 3*g + 4. Let p(k) = 2*k - 14. Let c be p(5). Determine v(c).
0
Let a(x) be the third derivative of x**6/120 - x**5/15 + x**4/12 - x**3 + x**2 + 17. What is a(4)?
2
Suppose 5*l + 44 = 2*r, -7 = 3*l + 4*r + 35. Let v(q) = q**2 + 13*q + 14. Calculate v(l).
-16
Let k(b) be the third derivative of b**6/120 - b**5/60 - b**4/24 + 17*b**3/6 - 26*b**2. What is k(0)?
17
Let o(q) = -2 + 2*q**2 - 3*q**3 + q**3 + 3*q**3. Let b = -147 + 152. Suppose 3*z + 4*c = 7 + 4, -c = b*z + 10. Calculate o(z).
-11
Suppose -f - 2*i = -0*f - 4, 0 = -f + i + 1. Let d(z) = -5*z**2 + 15*z + 16. Let h(y) = -y**2 + 4*y + 4. Let b(m) = f*d(m) - 9*h(m). Calculate b(-6).
-4
Let r(d) be the second derivative of -d**4/12 - 2*d**2 + 18*d - 5. What is r(0)?
-4
Let l = 79 - 54. Let i be (-10)/l*(0 - 5). Let b(d) = 0*d**3 - i*d**3 - 7*d**3 - 2*d**2 + d**2. Give b(-1).
8
Let r(q) be the second derivative of -q**4/12 - q**3 - q**2/2 - q. Let f = 27 - 22. Let y be 3/((5/(-2))/f). What is r(y)?
-1
Let j(o) = -o**2 - 7*o - 5. Let b be (21/(-9) - -2)*-3. Suppose -6 - b = g. What is j(g)?
-5
Let j be ((-14)/(-6) - -3)*(-9)/(-12). Let l(v) = -2*v + 9. Give l(j).
1
Suppose 0 = -t + 3*x +